greatest common divisor of 530069 and 31?
31
What is the greatest common factor of 765879 and 354?
177
Calculate the greatest common divisor of 1032 and 756456.
1032
What is the highest common factor of 86157 and 27?
27
What is the greatest common factor of 100 and 541525?
25
What is the greatest common factor of 43995 and 630?
105
What is the highest common divisor of 224 and 43792?
112
What is the highest common divisor of 12876 and 30508?
116
What is the greatest common divisor of 994 and 287550?
142
What is the greatest common divisor of 22563 and 136359?
981
Calculate the greatest common divisor of 3173860 and 296.
148
What is the greatest common factor of 240 and 109410?
30
Calculate the highest common divisor of 57540 and 5040.
420
Calculate the greatest common divisor of 30 and 38175.
15
Calculate the highest common factor of 170477 and 6759.
751
What is the greatest common factor of 5499 and 4797?
117
What is the greatest common factor of 60 and 15195?
15
What is the highest common factor of 45819 and 351?
27
What is the greatest common divisor of 102280 and 40?
40
What is the highest common factor of 932630 and 20?
10
What is the greatest common divisor of 4845 and 153?
51
Calculate the greatest common factor of 196 and 237650.
98
What is the greatest common factor of 318675 and 2100?
525
Calculate the greatest common factor of 307956 and 12.
12
What is the greatest common factor of 879656 and 248?
248
What is the highest common divisor of 7177 and 16?
1
What is the highest common factor of 822016 and 1014?
338
What is the highest common divisor of 245 and 6985?
5
What is the highest common divisor of 1020 and 1239810?
510
What is the greatest common factor of 333575 and 275?
275
What is the highest common divisor of 10572 and 120?
12
What is the greatest common factor of 12325 and 232?
29
What is the greatest common divisor of 15062 and 91258?
886
Calculate the greatest common factor of 12 and 1328.
4
Calculate the greatest common divisor of 202 and 62317.
101
Calculate the greatest common factor of 82708 and 117769.
899
What is the highest common divisor of 39 and 27744?
3
What is the highest common divisor of 33740 and 140?
140
Calculate the greatest common factor of 1455543 and 117.
9
What is the highest common factor of 386 and 21465074?
386
What is the greatest common divisor of 113538 and 14304?
894
What is the highest common factor of 588 and 428736?
84
Calculate the highest common divisor of 1856 and 27028.
116
Calculate the greatest common divisor of 54270 and 1170.
90
Calculate the greatest common factor of 9550 and 1550.
50
What is the highest common divisor of 35 and 54565?
35
Calculate the greatest common factor of 13164 and 1284.
12
Calculate the highest common divisor of 557 and 134237.
557
Calculate the greatest common divisor of 6556 and 2684.
44
What is the greatest common factor of 1408 and 1496?
88
Calculate the highest common divisor of 140569 and 2860.
143
What is the highest common divisor of 27 and 3405?
3
What is the highest common factor of 1980 and 10980?
180
What is the greatest common factor of 721301 and 28?
7
Calculate the greatest common divisor of 23530 and 3250.
130
What is the greatest common divisor of 249 and 10551?
3
What is the greatest common factor of 409 and 399593?
409
Calculate the highest common factor of 20 and 5192.
4
What is the highest common divisor of 660 and 4040?
20
What is the greatest common divisor of 14402152 and 41?
41
What is the greatest common factor of 5700 and 2910?
30
Calculate the greatest common factor of 24063416 and 104.
104
What is the highest common factor of 2035 and 45?
5
Calculate the greatest common divisor of 1408 and 5093.
11
Calculate the highest common factor of 2280768 and 63.
21
What is the greatest common divisor of 135 and 32805?
135
What is the highest common divisor of 181083 and 987?
21
What is the highest common factor of 124425 and 49?
7
Calculate the highest common divisor of 141 and 1310219.
47
What is the highest common factor of 28718 and 2158?
166
What is the greatest common factor of 39457 and 88?
11
What is the greatest common factor of 6208 and 28324?
388
What is the greatest common factor of 1002 and 8124?
6
Calculate the greatest common factor of 20 and 8572.
4
Calculate the highest common factor of 420 and 1620.
60
Calculate the highest common divisor of 96 and 55992.
24
What is the highest common divisor of 748946 and 3462?
1154
Calculate the greatest common divisor of 328823 and 275.
11
What is the greatest common factor of 15 and 149465?
5
Calculate the highest common factor of 238625 and 415.
415
What is the highest common factor of 240255 and 3420?
855
Calculate the highest common divisor of 3243 and 299437.
1081
What is the highest common divisor of 116 and 2404?
4
What is the greatest common divisor of 617393 and 623?
623
Calculate the greatest common factor of 1100 and 452925.
275
What is the greatest common factor of 19174 and 1?
1
Calculate the greatest common divisor of 12852 and 1162.
14
Calculate the greatest common factor of 9 and 141804.
9
What is the highest common divisor of 160 and 6112?
32
Calculate the greatest common factor of 9620 and 208.
52
Calculate the highest common divisor of 6816 and 56516.
284
Calculate the highest common factor of 704 and 5401.
11
What is the highest common factor of 450 and 147350?
50
Calculate the greatest common factor of 2160 and 346428.
36
What is the greatest common divisor of 9051 and 57?
3
What is the greatest common divisor of 584 and 496?
8
Calculate the greatest common factor of 422072 and 140.
28
What is the greatest common divisor of 2725550 and 50?
50
What is the highest common factor of 113 and 2259661?
113
What is the greatest common factor of 508 and 1464691?
127
Calculate the greatest common divisor of 18 and 1753614.
18
Calculate the greatest common factor of 526 and 481290.
526
Calculate the highest common divisor of 53725 and 175.
175
What is the greatest common factor of 7254 and 15886?
26
Calculate the highest common factor of 60 and 655.
5
What is the highest common divisor of 572 and 726?
22
Calculate the greatest common divisor of 414 and 256059.
207
Calculate the highest common divisor of 4431 and 273.
21
What is the highest common factor of 135717 and 3401?
19
What is the greatest common divisor of 84 and 30506?
14
Calculate the highest common factor of 26461 and 423.
47
What is the highest common divisor of 848 and 3466?
2
What is the greatest common divisor of 33426 and 54?
54
Calculate the highest common divisor of 3196 and 92582.
34
Calculate the highest common divisor of 41829 and 30369.
573
What is the greatest common factor of 58989 and 21?
21
Calculate the greatest common factor of 38478 and 112731.
159
What is the highest common factor of 2380 and 350?
70
Calculate the highest common factor of 170 and 4320.
10
Calculate the highest common divisor of 1128420 and 180.
180
Calculate the greatest common divisor of 2664 and 22496.
296
What is the greatest common divisor of 3031 and 553?
7
Calculate the highest common factor of 136323 and 4.
1
Calculate the highest common factor of 10100 and 1818.
202
Calculate the greatest common divisor of 1456 and 5551.
91
Calculate the highest common factor of 1 and 36151.
1
What is the greatest common factor of 29 and 23?
1
Calculate the greatest common divisor of 7584 and 1104.
48
Calculate the greatest common factor of 55752 and 909.
303
What is the highest common factor of 15037 and 891?
11
What is the greatest common divisor of 24041 and 667?
29
What is the highest common factor of 1 and 1094442?
1
What is the highest common divisor of 32 and 305168?
16
Calculate the highest common factor of 436005 and 30.
15
What is the greatest common factor of 123 and 54489?
123
Calculate the greatest common divisor of 85540 and 29845.
235
What is the highest common divisor of 84672 and 12960?
864
What is the greatest common divisor of 55627 and 6149?
143
Calculate the highest common factor of 2755 and 4640.
145
What is the highest common divisor of 3747316 and 2724?
908
Calculate the highest common factor of 227955 and 420.
105
What is the highest common factor of 38 and 2216616?
38
What is the greatest common factor of 1608